ctors of y?
3, 23
Let v(d) be the third derivative of -d**4/4 + 11*d**3/3 + d**2. Let c be 0/3 + (8 - 17). List the prime factors of v(c).
2, 19
What are the prime factors of (6/36*18)/((-5037)/(-2514) - 2)?
2, 419
Suppose 2*i - 48 = -2*i. Suppose -152 = -62*b + 24*b. Suppose b*c = -i, 4*y - 2*c = y + 228. List the prime factors of y.
2, 37
Let s = 17859 + -12086. List the prime factors of s.
23, 251
Let n(p) be the first derivative of p**2 - 13*p + 18. Let o be n(7). What are the prime factors of (-965)/(-10) + o/2?
97
Let g(d) = d**3 + 5*d**2 + 2*d - 7. Let x be g(-4). Suppose h + 3*q = 20 - x, 0 = 5*q - 15. What are the prime factors of (-4)/h + (-417)/(-5)?
83
List the prime factors of (-3)/6*(168*696)/(-3).
2, 3, 7, 29
Let i be (-5 - 49/14)*-26. Suppose 2282 = i*z - 214*z. What are the prime factors of z?
2, 163
Let r = -44136 + 92417. List the prime factors of r.
48281
Let p be (8/20)/(3/(75/2)). Suppose -3332 = -p*w + 1833. What are the prime factors of w?
1033
Let u = 998 - 583. Suppose z + 5*o = 5*z - 299, 5*z - u = -2*o. What are the prime factors of z?
3
Let m(r) = 2*r**3 - 11*r**2 + 4*r + 8. Let j be m(6). Let b = j - 64. Suppose y + b*w - 148 = 3, 3*w = 4*y - 528. List the prime factors of y.
3, 5
Suppose 8*l + 7026 = 4*p + 6*l, -3*l = -5*p + 8783. List the prime factors of p.
2, 439
Suppose c + x + x = 2970, 0 = 3*c + 2*x - 8898. List the prime factors of c.
2, 3, 13, 19
Let q = -7093 + 10744. List the prime factors of q.
3, 1217
Suppose 10715 = 10*l + 1535. Suppose -3*i - 21*r + l = -23*r, -5*i = -3*r - 1530. What are the prime factors of i?
2, 3, 17
Suppose -5*s - 4*l = -0*s - 3147, -2*s + l = -1264. Suppose 5*p - s = -4*a, 5*a + 4*p - 798 = 7*p. Suppose -7*i = -72 - a. What are the prime factors of i?
3, 11
Let q be (2/(-4))/((-5)/(-3020)). Let i = -498 + 942. Let s = i + q. What are the prime factors of s?
2, 71
Suppose 15*p - 244666 - 150094 + 111830 = 0. What are the prime factors of p?
2, 9431
Let b(s) = 25*s**3 - s**2 - 3. Let l be b(2). Let y(x) = -27*x - 6. Let j be y(-4). Let r = l - j. What are the prime factors of r?
7, 13
Let h be (-3)/1 + -1 + (5 - 1). List the prime factors of (-3454)/(-11) + h + 0 + 0.
2, 157
Let d = -126361 + 190421. What are the prime factors of d?
2, 5, 3203
List the prime factors of (3/15 + 8/(-15))/((-240)/13919760).
19333
Let t = -472 - -478. List the prime factors of 184/6*(t - -23 - 5).
2, 23
What are the prime factors of (-21)/(1029/193634)*(-28)/8?
13831
Let d(p) = 5*p + 6. Let g be d(-4). What are the prime factors of 209 - ((-2)/(-4))/(g/28)?
2, 3, 5, 7
Let i be (-3)/(-24) - (508/(-32) + 2). Suppose i*p = 7*p - 7. List the prime factors of (2 + -5)*p*(38 - 1).
3, 37
Let r = 48 + -16. Let x = -6 + r. What are the prime factors of x?
2, 13
Let y(q) = -7*q - 58. Let l be y(-3). Let x(n) = -22*n - 36. What are the prime factors of x(l)?
2, 389
Let k be 297*((-4)/(-18) + (-80)/90). List the prime factors of 0 - k*(-2 - -4).
2, 3, 11
Let q be ((-1)/((-4)/12))/(21/(-14)). Let i = -1 - -4. What are the prime factors of 3 + (1 - (q - i))?
3
Let y(k) be the third derivative of -k**6/120 - 5*k**5/12 + 37*k**4/24 + 13*k**3/2 - 153*k**2. What are the prime factors of y(-27)?
2, 3, 83
Let g be (0*3/12)/3. Suppose 5*x - 295 - 110 = g. Suppose x = o - 0*o - 4*s, 83 = o - 3*s. List the prime factors of o.
89
Suppose 1635 + 5 = -10*d. Let v = d - -382. What are the prime factors of v?
2, 109
Let o be 2/(-7) + 32/14. Suppose -x - x - 2*k = 0, 0 = -4*k. List the prime factors of (-15)/((-3)/o - x).
2, 5
Let k be ((-25)/20)/(-5)*0. Let w(f) = -2*f + 1. Let q be w(-1). Suppose k = -0*j - q*j + 264. List the prime factors of j.
2, 11
Suppose 0 = -40*y + 43*y + 2*r - 171342, 5*y - 285570 = r. What are the prime factors of y?
2, 3, 19, 167
Suppose 6*t - 411 = 429. Suppose 5*n - t = -7*f + 2*f, -108 = -3*n + 5*f. Suppose 3*h - 5*l = 5 + 4, 5*h - 3*l = n. List the prime factors of h.
2
List the prime factors of (-21)/((-2268)/544836) + (-6)/(-27).
5, 1009
Let r be (-8)/(-3)*198/132. Suppose -847 = -r*g - 3*j, 4*g - 350 = j + 477. What are the prime factors of g?
2, 13
Let g = -378 + 3974. List the prime factors of g.
2, 29, 31
Suppose -a = -2*p + 22054, 5*p - 73255 = a - 18123. What are the prime factors of p?
2, 37, 149
What are the prime factors of 27475/4 + 30*42/5040?
6869
Let b(j) = j + 1. Let i be b(9). Suppose -c + o + 1469 = 0, 14*o + 7342 = 5*c + i*o. What are the prime factors of c?
2, 733
Suppose 0 = 15*y - 16*y + 59. Let u = y - -334. List the prime factors of u.
3, 131
Suppose 107*f - q = 102*f + 126833, 0 = -f + 5*q + 25381. What are the prime factors of f?
2, 11, 1153
Suppose -35*s = -458947 + 346353 - 966981. What are the prime factors of s?
5, 31, 199
Let y be -1 - (-2 - (0 + -2)). Let r(t) = -t. Let h(g) = -11*g**2 - g - 10. Let v(j) = y*h(j) + 6*r(j). What are the prime factors of v(2)?
2, 11
Let p = -352 - -364. Let c = 37 - 24. Suppose c*v - 231 = p*v. What are the prime factors of v?
3, 7, 11
Let f(o) be the first derivative of o**2/2 + 63*o - 36. What are the prime factors of f(-25)?
2, 19
Let u = 17 - 16. What are the prime factors of u + 86 + 42 + -37?
2, 23
Suppose 15*w = -13*w + 42868. Suppose 4*j - 1222 = 3*o, -5*j = 2*o - 4*o - w. List the prime factors of j.
307
What are the prime factors of 15/(-3) - 78440/(-40)?
2, 3, 163
Let r = -631 - -574. Let y be 24*((-15)/6 - -1). Let b = y - r. List the prime factors of b.
3, 7
Let d = 8808 + -4885. Suppose d = 21*o + 332. List the prime factors of o.
3, 19
Let x = 475 - 469. What are the prime factors of (2 - 1)*(2 - (x - 1008))?
2, 251
Let j be ((-24)/12)/(1*(-3)/3). Suppose -1320 = -4*z - j*b, 5*z - 9*b + 8*b = 1636. What are the prime factors of z?
2, 41
Let j(t) = -t**3 - 8*t**2 + t + 11. Let r be j(-8). Suppose 215 - 80 = 9*h. Suppose -h = r*x - 4*x. What are the prime factors of x?
3, 5
Suppose 7*b + 314 = -918. Let l = 375 + b. What are the prime factors of l?
199
Let o be 174/36 + 2/12. Suppose 0*h - o*h = -3*h. Suppose 2*m + 3*q + 522 = 5*m, h = -5*m + 3*q + 860. What are the prime factors of m?
13
Suppose -369*r + 84 = -363*r. Suppose -r*x = -17*x + 3624. What are the prime factors of x?
2, 151
What are the prime factors of (55902/44)/77*(0 + 5128/3)?
2, 11, 641
Suppose 8*z - 15*z + 49 = 0. Let g(t) = -16 + z + 6*t - 9 - 3. List the prime factors of g(28).
3, 7
Let f(y) = 2*y + 13. Let g be f(-5). Suppose -3*s + 2*r - 8 = 0, -g*s + 4*r + 16 = 8*r. Suppose s = 3*m - 36 + 3. What are the prime factors of m?
11
Suppose 1053*x - 1046*x + 56 = 0. Suppose -2 = 2*s, -3*g + s = -36 - 25. List the prime factors of 4/x*2 + g.
19
Let u = 18813 - 10403. List the prime factors of u.
2, 5, 29
Suppose -70*h = 21*h - 952 - 5600. Suppose -340 = -5*y + 3*y. Let o = y - h. List the prime factors of o.
2, 7
Let t = 447 + 2363. What are the prime factors of t?
2, 5, 281
Suppose 84195 = 3*j + 4*r, 5*j - 2*r - 140291 = -3*r. What are the prime factors of j?
28057
Let h be (4/(-1 - 7))/(3/(-258)). Let g = h - 44. List the prime factors of (3 + -3 + 0 - g) + 149.
2, 3, 5
Let h = 82 - 79. Suppose 93 = -4*q + h*x, -27 = q - 2*x + 5*x. Let m(k) = -7*k - 14. What are the prime factors of m(q)?
2, 7, 11
Let t be (2127*-1)/1*(-39 - -38). Let d = 2983 - t. What are the prime factors of d?
2, 107
Let k be (25 + -24)*1698/2. Let x = k + -475. List the prime factors of x.
2, 11, 17
Let f(a) = -a**3 + 10*a**2 - a + 8. Let q be f(10). What are the prime factors of 100/(-20) + q + 34?
3
Let s be (-2)/(-21) - 19/(4389/(-902)). Suppose 3*f - f - 517 = k, -3*f + s*k = -763. List the prime factors of f.
3, 29
Let o(r) = 3*r**2 + 26*r - 252. What are the prime factors of o(-27)?
3, 137
Suppose -y + 158537 = 3*s, -3*s + y - 42429 + 200962 = 0. List the prime factors of s.
3, 5, 13, 271
Suppose -84*q + 1700855 = 74*q - 1222145. What are the prime factors of q?
2, 5, 37
Let d = 72782 - 26593. List the prime factors of d.
11, 13, 17, 19
Let x = 83 + -76. Suppose 0 = i - x*i + 12. Suppose -227 = -i*b + b + 4*a, -a - 848 = -4*b. List the prime factors of b.
211
Suppose z + z - 11 = -3*p, 5*p - 3*z - 50 = 0. Let l(a) = -2*a**2 + 14*a - 8. Let r be l(p). What are the prime factors of 100/(4 + r + 5)?
2, 5
Let l(t) = -4*t**3 - t**2 - 3*t - 1. Let a be l(-1). Let w be (-6)/a*